{"id":15,"date":"2022-12-19T16:41:25","date_gmt":"2022-12-19T16:41:25","guid":{"rendered":"https:\/\/hla.lt\/?page_id=15"},"modified":"2024-02-15T06:17:59","modified_gmt":"2024-02-15T06:17:59","slug":"kaip-issitirti-ir-kur-kreiptis","status":"publish","type":"page","link":"https:\/\/hla.lt\/?page_id=15","title":{"rendered":"Kaip i\u0161sitirti ir kur kreiptis?"},"content":{"rendered":"\n<p><strong>Hantingtono ligos kompetencijos centras (KC),<\/strong>&nbsp;\u012fkurtas 2015 metais, yra did\u017eiausias Hantingtono ligos diagnostikos, gydymo, mokymo bei mokslo tyrim\u0173 centras Lietuvoje. Hantingtono ligos KC gydomi Lietuvos bei u\u017esienio Hantingtono liga sergantys pacientai. Hantingtono ligos KC teikia plataus spektro ambulatorines ir stacionarines paslaugas.<\/p>\n\n\n\n<p>Jame teikiamos gydytoj\u0173 genetik\u0173, gydytoj\u0173 neurolog\u0173, gydytoj\u0173 psichiatr\u0173, fizin\u0117s medicinos ir reabilitacijos gydytoj\u0173 bei reabilitacijos specialist\u0173 (logoterapeut\u0173, kineziterapeut\u0173, ergoterapeut\u0173, socialini\u0173 darbuotoj\u0173, medicinos psicholog\u0173), gydytoj\u0173 dietolog\u0173 ir kit\u0173 specialist\u0173 konsultacijos. Centre taikomos pa\u017eangiausios diagnostikos bei gydymo technologijos: laboratorin\u0117, instrumentin\u0117, molekulin\u0117 diagnostika, medikamentinis gydymas, medicinin\u0117s reabilitacijos paslaugos, pacientams teikiama psichologin\u0117 ir socialin\u0117 pagalba.<\/p>\n\n\n\n<p><\/p>\n\n\n\n<p>Hantingtono ligos kompetencijos centras,&nbsp;Santari\u0161ki\u0173 g. 2, 08406 Vilnius, Lietuva<\/p>\n\n\n\n<p><strong>Hantingtono ligos KC koordinatorius prof. dr. Algirdas Utkus<\/strong><\/p>\n\n\n\n<p>Tel. 85 2501794.<\/p>\n\n\n\n<p>El. p. algirdas.utkus@mf.vu.lt<\/p>\n\n\n\n<p>Medicinin\u0117s genetikos centro gydytoja genetik\u0117 dr. Au\u0161ra Matulevi\u010dien\u0117<\/p>\n\n\n\n<p>Tel.&nbsp; 85&nbsp;2501793<\/p>\n\n\n\n<p>Neurologijos centro gydytojos neurolog\u0117s: dr. R\u016bta Kaladyt\u0117-Lokominien\u0117, Neringa Tutlien\u0117, Jevgenija Guk<\/p>\n\n\n\n<p>Tel. 85&nbsp;2501756<\/p>\n\n\n\n<p>Pediatrijos centro Vaik\u0173 neurologijos skyriaus ved\u0117ja, gydytoja vaik\u0173 neurolog\u0117 dr.&nbsp;R\u016bta Praninskien\u0117<\/p>\n\n\n\n<p>Tel. 85&nbsp;2720570 (Vaik\u0173 konsultacij\u0173 poliklinikos tel.)&nbsp;<\/p>\n\n\n\n<p>Reabilitacijos, fizin\u0117s ir sporto medicinos centro Ambulatorin\u0117s reabilitacijos skyrius, Santari\u0161ki\u0173 g. 2, B korpusas, 5a<\/p>\n\n\n\n<p>Reabilitacijos, fizin\u0117s ir sporto medicinos centro II stacionarin\u0117s reabilitacijos skyrius, fizin\u0117s medicinos ir reabilitacijos gydytoja Ieva Michailovien\u0117, J. Kairi\u016bk\u0161\u010dio g. 2, 1a., gydytoj\u0173 kab. tel. 85&nbsp;2658522<\/p>\n\n\n\n<p><strong>Registrat\u016bros tel. 85&nbsp;2365170,<\/strong><\/p>\n\n\n\n<p>Registracija internetu per&nbsp;<a href=\"https:\/\/www.esveikata.lt\/ipr\/\" target=\"_blank\" rel=\"noreferrer noopener\"><strong>https:\/\/www.esveikata.lt\/ipr\/<\/strong><\/a>&nbsp;vis\u0105 par\u0105.<\/p>\n\n\n\n<p><strong>Bendras telefonas pasiteirauti: 85&nbsp;2501374<\/strong><\/p>\n\n\n\n<p>El. pa\u0161tas:&nbsp;<a href=\"mailto:genetika@santa.lt\">genetika@santa.lt<\/a><\/p>\n\n\n\n<p><strong>Ret\u0173 lig\u0173 koordinavimo centras<\/strong><\/p>\n\n\n\n<p>Santari\u0161ki\u0173 g. 4, 08406 Vilnius, Lietuva<\/p>\n\n\n\n<p>Tel. 865646622 (kreiptis darbo dienomis 13-15 val.)<\/p>\n\n\n\n<p>El. p.&nbsp;<a href=\"mailto:retosligos@santa.lt\">retosligos@santa.lt<\/a>&nbsp;<\/p>\n\n\n\n<p>Atvykdami \u012f ligonin\u0119, b\u016btinai tur\u0117kite siuntim\u0105 gydytojo genetiko ar gydytojo neurologo konsultacijai. Taip pat nepamir\u0161kite pasiimti savo asmens dokument\u0173, jei reikia, medicinini\u0173 i\u0161ra\u0161\u0173 i\u0161 kit\u0173 gydymo \u012fstaig\u0173, vaist\u0173 ir priemoni\u0173, kurios jums bus reikalingos t\u0105 dien\u0105. Atvyk\u0119 eikite \u012f registrat\u016br\u0105 (Santari\u0161ki\u0173 g. 2 (Konsultacij\u0173 poliklinika, gydytojo neurologo konsultacijai) ar F korpuso registrat\u016br\u0105 (gydytojo genetiko konsultacijai)), kur pateik\u0119 reikiamus dokumentus gal\u0117site eiti pas specialist\u0105.<\/p>\n","protected":false},"excerpt":{"rendered":"<p>Hantingtono ligos kompetencijos centras (KC),&nbsp;\u012fkurtas 2015 metais, yra did\u017eiausias Hantingtono ligos diagnostikos, gydymo, mokymo bei mokslo tyrim\u0173 centras Lietuvoje. Hantingtono ligos KC gydomi Lietuvos bei u\u017esienio Hantingtono liga sergantys pacientai. Hantingtono ligos KC teikia plataus spektro ambulatorines ir stacionarines paslaugas. Jame teikiamos gydytoj\u0173 genetik\u0173, gydytoj\u0173 neurolog\u0173, gydytoj\u0173 psichiatr\u0173, fizin\u0117s medicinos ir reabilitacijos gydytoj\u0173 bei reabilitacijos<span class=\"post-excerpt-end\">&hellip;<\/span><\/p>\n<p class=\"more-link\"><a href=\"https:\/\/hla.lt\/?page_id=15\" class=\"themebutton\">Read More<\/a><\/p>\n","protected":false},"author":1,"featured_media":0,"parent":0,"menu_order":0,"comment_status":"closed","ping_status":"closed","template":"","meta":[],"_links":{"self":[{"href":"https:\/\/hla.lt\/index.php?rest_route=\/wp\/v2\/pages\/15"}],"collection":[{"href":"https:\/\/hla.lt\/index.php?rest_route=\/wp\/v2\/pages"}],"about":[{"href":"https:\/\/hla.lt\/index.php?rest_route=\/wp\/v2\/types\/page"}],"author":[{"embeddable":true,"href":"https:\/\/hla.lt\/index.php?rest_route=\/wp\/v2\/users\/1"}],"replies":[{"embeddable":true,"href":"https:\/\/hla.lt\/index.php?rest_route=%2Fwp%2Fv2%2Fcomments&post=15"}],"version-history":[{"count":2,"href":"https:\/\/hla.lt\/index.php?rest_route=\/wp\/v2\/pages\/15\/revisions"}],"predecessor-version":[{"id":32,"href":"https:\/\/hla.lt\/index.php?rest_route=\/wp\/v2\/pages\/15\/revisions\/32"}],"wp:attachment":[{"href":"https:\/\/hla.lt\/index.php?rest_route=%2Fwp%2Fv2%2Fmedia&parent=15"}],"curies":[{"name":"wp","href":"https:\/\/api.w.org\/{rel}","templated":true}]}}